{"id":2,"date":"2022-08-26T13:11:30","date_gmt":"2022-08-26T11:11:30","guid":{"rendered":"http:\/\/cbc76.fr\/?page_id=2"},"modified":"2022-08-26T13:51:15","modified_gmt":"2022-08-26T11:51:15","slug":"page-d-exemple","status":"publish","type":"page","link":"https:\/\/cbc76.fr\/?page_id=2","title":{"rendered":"Le Club"},"content":{"rendered":"\n<p>Le Club de Badminton de Cany est accessible a toutes et \u00e0 tous. Le but de se club est de proposer une pratique du Badmiton en loisirs.<\/p>\n\n\n\n<blockquote class=\"wp-block-quote is-layout-flow wp-block-quote-is-layout-flow\"><p>Le club est g\u00e9r\u00e9 par une association compos\u00e9e de b\u00e9n\u00e9voles. Les membres du Bureau sont pr\u00e9sents pour vous accueillir et \u00ab\u00a0animer\u00a0\u00bb les s\u00e9ances.<\/p><p>Il n&rsquo;y a pas de s\u00e9ance en tant que tel.<\/p><\/blockquote>\n\n\n\n<p>Chacun vient selon ses envies , une s\u00e9ance sur 2 , une semaine sur 2&#8230; bref selon vos disponibilit\u00e9s. Le but est de pratiquer ce sport dans une ambiance d\u00e9contract\u00e9e.<\/p>\n\n\n\n<p><\/p>\n","protected":false},"excerpt":{"rendered":"<p>Le Club de Badminton de Cany est accessible a toutes et \u00e0 tous. Le but de se club est de proposer une pratique du Badmiton en loisirs. Le club est g\u00e9r\u00e9 par une association compos\u00e9e de b\u00e9n\u00e9voles. Les membres du Bureau sont pr\u00e9sents pour vous accueillir et \u00ab\u00a0animer\u00a0\u00bb les s\u00e9ances. Il n&rsquo;y a pas de [&hellip;]<\/p>\n","protected":false},"author":1,"featured_media":0,"parent":0,"menu_order":0,"comment_status":"closed","ping_status":"open","template":"","meta":{"footnotes":""},"class_list":["post-2","page","type-page","status-publish","hentry"],"_links":{"self":[{"href":"https:\/\/cbc76.fr\/index.php?rest_route=\/wp\/v2\/pages\/2","targetHints":{"allow":["GET"]}}],"collection":[{"href":"https:\/\/cbc76.fr\/index.php?rest_route=\/wp\/v2\/pages"}],"about":[{"href":"https:\/\/cbc76.fr\/index.php?rest_route=\/wp\/v2\/types\/page"}],"author":[{"embeddable":true,"href":"https:\/\/cbc76.fr\/index.php?rest_route=\/wp\/v2\/users\/1"}],"replies":[{"embeddable":true,"href":"https:\/\/cbc76.fr\/index.php?rest_route=%2Fwp%2Fv2%2Fcomments&post=2"}],"version-history":[{"count":2,"href":"https:\/\/cbc76.fr\/index.php?rest_route=\/wp\/v2\/pages\/2\/revisions"}],"predecessor-version":[{"id":16,"href":"https:\/\/cbc76.fr\/index.php?rest_route=\/wp\/v2\/pages\/2\/revisions\/16"}],"wp:attachment":[{"href":"https:\/\/cbc76.fr\/index.php?rest_route=%2Fwp%2Fv2%2Fmedia&parent=2"}],"curies":[{"name":"wp","href":"https:\/\/api.w.org\/{rel}","templated":true}]}}